{"id":1733,"date":"2025-07-13T15:51:34","date_gmt":"2025-07-13T13:51:34","guid":{"rendered":"https:\/\/www.rebreather-reunion.de\/?page_id=1733"},"modified":"2025-07-13T15:53:00","modified_gmt":"2025-07-13T13:53:00","slug":"anmeldung","status":"publish","type":"page","link":"https:\/\/www.rebreather-reunion.de\/?page_id=1733","title":{"rendered":"Anmeldung"},"content":{"rendered":"\n<p><strong>Moin zusammen,<\/strong><\/p>\n\n\n\n<p>bald ist es wieder soweit und wir treffen uns zur 17. Rebreather Reunion 2025 am Kreidesee Hemmoor!<\/p>\n\n\n\n<p>Anbei haben wir das offizielle Programm und den Zeitplan f\u00fcr Euch. <\/p>\n\n\n\n<p>Wir freuen uns in diesem Jahr sehr auf Vortr\u00e4ge von Vera Wittenberg, Matze Frey und Niko Gerdau.<\/p>\n\n\n\n<p>Neben dem offiziellen Programm haben sich Hersteller\/Aussteller bei uns gemeldet, die an dem Wochenende vor Ort sein werden und die Community und unser Austauschtreffen am See bereichern m\u00f6chten. Wir werden in der n\u00e4chsten Zeit dar\u00fcber berichten.<\/p>\n\n\n\n<p>Ab sofort kann man sich unter folgendem Link f\u00fcr die Rebreather Reunion sowie f\u00fcr das Abendbuffet am See (Sa.) anmelden (weitere Infos im Anmeldeformular):<\/p>\n\n\n\n<figure class=\"wp-block-image size-full is-resized\"><a href=\"https:\/\/forms.gle\/NWq7pgphvNp1WMaH8\"><img loading=\"lazy\" decoding=\"async\" width=\"600\" height=\"192\" src=\"https:\/\/www.rebreather-reunion.de\/rr\/wp-content\/uploads\/2025\/07\/Register.png\" alt=\"\" class=\"wp-image-1728\" style=\"width:292px;height:auto\" srcset=\"https:\/\/www.rebreather-reunion.de\/rr\/wp-content\/uploads\/2025\/07\/Register.png 600w, https:\/\/www.rebreather-reunion.de\/rr\/wp-content\/uploads\/2025\/07\/Register-300x96.png 300w\" sizes=\"auto, (max-width: 600px) 100vw, 600px\" \/><\/a><\/figure>\n\n\n\n<p>Oder hier der native Link zum Google-Forms-Formular <\/p>\n\n\n\n<p><a href=\"https:\/\/forms.gle\/NWq7pgphvNp1WMaH8\"><strong><mark style=\"background-color:rgba(0, 0, 0, 0)\" class=\"has-inline-color has-virtue-primary-light-color\">https:\/\/forms.gle\/NWq7pgphvNp1WMaH8<\/mark><\/strong><\/a><\/p>\n\n\n\n<p>Die M\u00f6glichkeit, Editions-Shirts zu bestellen, folgt in der n\u00e4chsten Woche.<\/p>\n\n\n\n<p>Wir freuen uns auf zahlreiche R\u00fcckmeldungen.<\/p>\n\n\n\n<p>Euer Orga-Team<\/p>\n\n\n\n<p>Astrid, Carina, Michi, Tobi und Philipp<\/p>\n\n\n\n<p><\/p>\n","protected":false},"excerpt":{"rendered":"<p>Moin zusammen, bald ist es wieder soweit und wir treffen uns zur 17. Rebreather Reunion 2025 am Kreidesee Hemmoor! Anbei haben wir das offizielle Programm und den Zeitplan f\u00fcr Euch. Wir freuen uns in diesem Jahr sehr auf Vortr\u00e4ge von &hellip; <a href=\"https:\/\/www.rebreather-reunion.de\/?page_id=1733\">Weiter<\/a><\/p>\n","protected":false},"author":2,"featured_media":1711,"parent":0,"menu_order":0,"comment_status":"closed","ping_status":"closed","template":"","meta":{"footnotes":""},"class_list":["post-1733","page","type-page","status-publish","has-post-thumbnail","hentry"],"_links":{"self":[{"href":"https:\/\/www.rebreather-reunion.de\/index.php?rest_route=\/wp\/v2\/pages\/1733","targetHints":{"allow":["GET"]}}],"collection":[{"href":"https:\/\/www.rebreather-reunion.de\/index.php?rest_route=\/wp\/v2\/pages"}],"about":[{"href":"https:\/\/www.rebreather-reunion.de\/index.php?rest_route=\/wp\/v2\/types\/page"}],"author":[{"embeddable":true,"href":"https:\/\/www.rebreather-reunion.de\/index.php?rest_route=\/wp\/v2\/users\/2"}],"replies":[{"embeddable":true,"href":"https:\/\/www.rebreather-reunion.de\/index.php?rest_route=%2Fwp%2Fv2%2Fcomments&post=1733"}],"version-history":[{"count":2,"href":"https:\/\/www.rebreather-reunion.de\/index.php?rest_route=\/wp\/v2\/pages\/1733\/revisions"}],"predecessor-version":[{"id":1736,"href":"https:\/\/www.rebreather-reunion.de\/index.php?rest_route=\/wp\/v2\/pages\/1733\/revisions\/1736"}],"wp:featuredmedia":[{"embeddable":true,"href":"https:\/\/www.rebreather-reunion.de\/index.php?rest_route=\/wp\/v2\/media\/1711"}],"wp:attachment":[{"href":"https:\/\/www.rebreather-reunion.de\/index.php?rest_route=%2Fwp%2Fv2%2Fmedia&parent=1733"}],"curies":[{"name":"wp","href":"https:\/\/api.w.org\/{rel}","templated":true}]}}

<p><strong>Moin zusammen,</strong></p>



<p>bald ist es wieder soweit und wir treffen uns zur 17. Rebreather Reunion 2025 am Kreidesee Hemmoor!</p>



<p>Anbei haben wir das offizielle Programm und den Zeitplan für Euch. </p>



<p>Wir freuen uns in diesem Jahr sehr auf Vorträge von Vera Wittenberg, Matze Frey und Niko Gerdau.</p>



<p>Neben dem offiziellen Programm haben sich Hersteller/Aussteller bei uns gemeldet, die an dem Wochenende vor Ort sein werden und die Community und unser Austauschtreffen am See bereichern möchten. Wir werden in der nächsten Zeit darüber berichten.</p>



<p>Ab sofort kann man sich unter folgendem Link für die Rebreather Reunion sowie für das Abendbuffet am See (Sa.) anmelden (weitere Infos im Anmeldeformular):</p>



<figure class="wp-block-image size-full is-resized"><a href="https://forms.gle/NWq7pgphvNp1WMaH8"><img loading="lazy" decoding="async" width="600" height="192" src="https://www.rebreather-reunion.de/rr/wp-content/uploads/2025/07/Register.png" alt="" class="wp-image-1728" style="width:292px;height:auto" srcset="https://www.rebreather-reunion.de/rr/wp-content/uploads/2025/07/Register.png 600w, https://www.rebreather-reunion.de/rr/wp-content/uploads/2025/07/Register-300x96.png 300w" sizes="auto, (max-width: 600px) 100vw, 600px" /></a></figure>



<p>Oder hier der native Link zum Google-Forms-Formular </p>



<p><a href="https://forms.gle/NWq7pgphvNp1WMaH8"><strong><mark style="background-color:rgba(0, 0, 0, 0)" class="has-inline-color has-virtue-primary-light-color">https://forms.gle/NWq7pgphvNp1WMaH8</mark></strong></a></p>



<p>Die Möglichkeit, Editions-Shirts zu bestellen, folgt in der nächsten Woche.</p>



<p>Wir freuen uns auf zahlreiche Rückmeldungen.</p>



<p>Euer Orga-Team</p>



<p>Astrid, Carina, Michi, Tobi und Philipp</p>



<p></p>

<p>Moin zusammen, bald ist es wieder soweit und wir treffen uns zur 17. Rebreather Reunion 2025 am Kreidesee Hemmoor! Anbei haben wir das offizielle Programm und den Zeitplan für Euch. Wir freuen uns in diesem Jahr sehr auf Vorträge von &hellip; <a href="https://www.rebreather-reunion.de/?page_id=1733">Weiter</a></p>
