{"id":1043,"date":"2021-09-19T20:42:00","date_gmt":"2021-09-19T18:42:00","guid":{"rendered":"https:\/\/www.rebreather-reunion.de\/?post_type=portfolio&#038;p=1043"},"modified":"2022-03-06T20:43:57","modified_gmt":"2022-03-06T19:43:57","slug":"rebreather-reunion-2021","status":"publish","type":"portfolio","link":"https:\/\/www.rebreather-reunion.de\/?portfolio=rebreather-reunion-2021","title":{"rendered":"Rebreather Reunion 2021"},"content":{"rendered":"\n<p>Nach einem Jahr Corona hattte sich die Lage im Sommer dahingehend entspannt, als dass wir uns dazu entschlossen hatten, ein Rebreather Reunion &#8222;light&#8220; stattfinden zu lassen. Anders ausgedr\u00fcckt, viele haben sich auf rein privater Basis am See getroffen und hatten gemeinsam Spass und eine guten Austausch. Wir vom ORGA-Team haben keine Workshops und Abendveranstaltung organisiert, so dass es auch keinen offiziellen Charakter hatte. Dies fanden wir f\u00fcr die beste L\u00f6sung. Mit Frank Kraatz haben wir nun unser Team wieder auf 3 Leute aufgestockt, so dass wir hoffentlich in 2022 wie immer durchstarten k\u00f6nnen. Anbei ein paar Fotos und ein kleines Video. \u00dcberraschungsgast war sicherlich Pedro Balordi. Er h\u00e4tte defintiv den Pokal der weitesten Anreise verdient! Danke Pedro, dass du da warst.<\/p>\n\n\n<figure class=\"wp-block-embed-youtube wp-block-embed is-type-video is-provider-youtube wp-embed-aspect-16-9 wp-has-aspect-ratio\"><div class=\"lyte-wrapper\" style=\"width:853px;max-width:100%;margin:5px auto;\"><div class=\"lyMe hidef\" id=\"WYL_i2ZWItexot4\"><div id=\"lyte_i2ZWItexot4\" data-src=\"https:\/\/www.rebreather-reunion.de\/rr\/wp-content\/plugins\/wp-youtube-lyte\/lyteCache.php?origThumbUrl=%2F%2Fi.ytimg.com%2Fvi%2Fi2ZWItexot4%2Fmaxresdefault.jpg\" class=\"pL\"><div class=\"tC\"><div class=\"tT\"><\/div><\/div><div class=\"play\"><\/div><div class=\"ctrl\"><div class=\"Lctrl\"><\/div><div class=\"Rctrl\"><\/div><\/div><\/div><noscript><a href=\"https:\/\/youtu.be\/i2ZWItexot4\" rel=\"nofollow\"><img loading=\"lazy\" decoding=\"async\" src=\"https:\/\/www.rebreather-reunion.de\/rr\/wp-content\/plugins\/wp-youtube-lyte\/lyteCache.php?origThumbUrl=https%3A%2F%2Fi.ytimg.com%2Fvi%2Fi2ZWItexot4%2F0.jpg\" alt=\"YouTube-Video-Vorschaubild\" width=\"853\" height=\"460\" \/><br \/>Dieses Video auf YouTube ansehen<\/a><\/noscript><\/div><\/div><div class=\"lL\" style=\"max-width:100%;width:853px;margin:5px auto;\"><br\/><span class=\"lyte_disclaimer\">Diese Webseite verwendet YouTube Lyte. Es wird nur das Vorschaubild von YouTube geladen. Mit dem Klick zum Abspielen des Videos gelten die Datenschutzbestimmungen von Goolge.<\/span><\/div><figcaption><\/figcaption><\/figure>\n\n\n<p><\/p>\n","protected":false},"excerpt":{"rendered":"<p>Nach einem Jahr Corona hattte sich die Lage im Sommer dahingehend entspannt, als dass wir uns dazu entschlossen hatten, ein Rebreather Reunion &#8222;light&#8220; stattfinden zu lassen. Anders ausgedr\u00fcckt, viele haben sich auf rein privater Basis am See getroffen und hatten &hellip; <a href=\"https:\/\/www.rebreather-reunion.de\/?portfolio=rebreather-reunion-2021\">Weiter<\/a><\/p>\n","protected":false},"author":1,"featured_media":1054,"menu_order":0,"comment_status":"closed","ping_status":"closed","template":"","meta":[],"portfolio-type":[3],"class_list":["post-1043","portfolio","type-portfolio","status-publish","has-post-thumbnail","hentry","portfolio-type-rebbi-treffen"],"_links":{"self":[{"href":"https:\/\/www.rebreather-reunion.de\/index.php?rest_route=\/wp\/v2\/portfolio\/1043","targetHints":{"allow":["GET"]}}],"collection":[{"href":"https:\/\/www.rebreather-reunion.de\/index.php?rest_route=\/wp\/v2\/portfolio"}],"about":[{"href":"https:\/\/www.rebreather-reunion.de\/index.php?rest_route=\/wp\/v2\/types\/portfolio"}],"author":[{"embeddable":true,"href":"https:\/\/www.rebreather-reunion.de\/index.php?rest_route=\/wp\/v2\/users\/1"}],"replies":[{"embeddable":true,"href":"https:\/\/www.rebreather-reunion.de\/index.php?rest_route=%2Fwp%2Fv2%2Fcomments&post=1043"}],"wp:featuredmedia":[{"embeddable":true,"href":"https:\/\/www.rebreather-reunion.de\/index.php?rest_route=\/wp\/v2\/media\/1054"}],"wp:attachment":[{"href":"https:\/\/www.rebreather-reunion.de\/index.php?rest_route=%2Fwp%2Fv2%2Fmedia&parent=1043"}],"wp:term":[{"taxonomy":"portfolio-type","embeddable":true,"href":"https:\/\/www.rebreather-reunion.de\/index.php?rest_route=%2Fwp%2Fv2%2Fportfolio-type&post=1043"}],"curies":[{"name":"wp","href":"https:\/\/api.w.org\/{rel}","templated":true}]}}

<p>Nach einem Jahr Corona hattte sich die Lage im Sommer dahingehend entspannt, als dass wir uns dazu entschlossen hatten, ein Rebreather Reunion &#8222;light&#8220; stattfinden zu lassen. Anders ausgedrückt, viele haben sich auf rein privater Basis am See getroffen und hatten gemeinsam Spass und eine guten Austausch. Wir vom ORGA-Team haben keine Workshops und Abendveranstaltung organisiert, so dass es auch keinen offiziellen Charakter hatte. Dies fanden wir für die beste Lösung. Mit Frank Kraatz haben wir nun unser Team wieder auf 3 Leute aufgestockt, so dass wir hoffentlich in 2022 wie immer durchstarten können. Anbei ein paar Fotos und ein kleines Video. Überraschungsgast war sicherlich Pedro Balordi. Er hätte defintiv den Pokal der weitesten Anreise verdient! Danke Pedro, dass du da warst.</p>


<figure class="wp-block-embed-youtube wp-block-embed is-type-video is-provider-youtube wp-embed-aspect-16-9 wp-has-aspect-ratio"><div class="lyte-wrapper" style="width:853px;max-width:100%;margin:5px auto;"><div class="lyMe hidef" id="WYL_i2ZWItexot4"><div id="lyte_i2ZWItexot4" data-src="https://www.rebreather-reunion.de/rr/wp-content/plugins/wp-youtube-lyte/lyteCache.php?origThumbUrl=%2F%2Fi.ytimg.com%2Fvi%2Fi2ZWItexot4%2Fmaxresdefault.jpg" class="pL"><div class="tC"><div class="tT"></div></div><div class="play"></div><div class="ctrl"><div class="Lctrl"></div><div class="Rctrl"></div></div></div><noscript><a href="https://youtu.be/i2ZWItexot4" rel="nofollow"><img loading="lazy" decoding="async" src="https://www.rebreather-reunion.de/rr/wp-content/plugins/wp-youtube-lyte/lyteCache.php?origThumbUrl=https%3A%2F%2Fi.ytimg.com%2Fvi%2Fi2ZWItexot4%2F0.jpg" alt="YouTube-Video-Vorschaubild" width="853" height="460" /><br />Dieses Video auf YouTube ansehen</a></noscript></div></div><div class="lL" style="max-width:100%;width:853px;margin:5px auto;"><br/><span class="lyte_disclaimer">Diese Webseite verwendet YouTube Lyte. Es wird nur das Vorschaubild von YouTube geladen. Mit dem Klick zum Abspielen des Videos gelten die Datenschutzbestimmungen von Goolge.</span></div><figcaption></figcaption></figure>


<p></p>

<p>Nach einem Jahr Corona hattte sich die Lage im Sommer dahingehend entspannt, als dass wir uns dazu entschlossen hatten, ein Rebreather Reunion &#8222;light&#8220; stattfinden zu lassen. Anders ausgedrückt, viele haben sich auf rein privater Basis am See getroffen und hatten &hellip; <a href="https://www.rebreather-reunion.de/?portfolio=rebreather-reunion-2021">Weiter</a></p>
